{"id":24,"date":"2016-12-12T15:47:06","date_gmt":"2016-12-12T15:47:06","guid":{"rendered":"http:\/\/lessuperheros.ca\/?page_id=24"},"modified":"2017-08-19T17:37:02","modified_gmt":"2017-08-19T17:37:02","slug":"banque-de-videos","status":"publish","type":"page","link":"https:\/\/lessuperheros.ca\/?page_id=24","title":{"rendered":"Banque de vid\u00e9os"},"content":{"rendered":"<div id=\"pl-24\"  class=\"panel-layout\" ><div id=\"pg-24-0\"  class=\"panel-grid panel-no-style\" ><div id=\"pgc-24-0-0\"  class=\"panel-grid-cell\" ><div id=\"panel-24-0-0-0\" class=\"so-panel widget widget_sow-editor panel-first-child panel-last-child\" data-index=\"0\" ><div\n\t\t\t\n\t\t\tclass=\"so-widget-sow-editor so-widget-sow-editor-base\"\n\t\t\t\n\t\t>\n<div class=\"siteorigin-widget-tinymce textwidget\">\n\t<p>Trouvez\u00a0la meilleure\u00a0vid\u00e9o pour vos\u00a0\u00e9l\u00e8ves en utilisant\u00a0les\u00a0filtres\u00a0par sujets, par niveau ou m\u00eame pour trouver les\u00a0vid\u00e9os avec des sous-titres. Acc\u00e9dez aux activit\u00e9s \u00e9ducatives en cliquant sur <span style=\"color: #ffae1a;\">Plus d'outils<\/span>.<\/p>\n<p>Contribuez \u00e0 la banque\u00a0et faites partie des superh\u00e9ros. Soumettez vos\u00a0vid\u00e9os pr\u00e9f\u00e9r\u00e9s et vos\u00a0activit\u00e9s! Si vous avez de la difficult\u00e9 \u00e0 acc\u00e9der au formulaire\u00a0ou si vous n'avez pas de compte Google, contactez-moi.<\/p>\n<p>Des questions, commentaires ou suggestions? Faites-moi en part.<\/p>\n<\/div>\n<\/div><\/div><\/div><div id=\"pgc-24-0-1\"  class=\"panel-grid-cell\" ><div id=\"panel-24-0-1-0\" class=\"so-panel widget widget_sow-button panel-first-child\" data-index=\"1\" ><div\n\t\t\t\n\t\t\tclass=\"so-widget-sow-button so-widget-sow-button-atom-39752d033f93-24\"\n\t\t\t\n\t\t><div class=\"ow-button-base ow-button-align-center\">\n\t<a href=\"https:\/\/docs.google.com\/forms\/d\/e\/1FAIpQLSfQpPGnhfBefhUblLNp82Bc7F87AF6hH70mlH51tcC1lqN9KQ\/viewform?usp=sf_link\" class=\"ow-icon-placement-left ow-button-hover\" \t\t>\n\t\t<span>\n\t\t\t<span class=\"sow-icon-fontawesome sow-fas\" data-sow-icon=\"&#xf03d;\"\n\t\tstyle=\"color: #ffffff\" \n\t\taria-hidden=\"true\"><\/span>\n\t\t\tSoumettez une vid\u00e9o\t\t<\/span>\n\t<\/a>\n<\/div>\n<\/div><\/div><div id=\"panel-24-0-1-1\" class=\"so-panel widget widget_sow-button\" data-index=\"2\" ><div\n\t\t\t\n\t\t\tclass=\"so-widget-sow-button so-widget-sow-button-atom-e8e290912594-24\"\n\t\t\t\n\t\t><div class=\"ow-button-base ow-button-align-center\">\n\t<a href=\"https:\/\/docs.google.com\/forms\/d\/e\/1FAIpQLSc7D5f8iVGSo8EOZrCIoTbQZ1u3rxw7NgwU3DY-TulOyHLTWA\/viewform?usp=sf_link\" class=\"ow-icon-placement-left ow-button-hover\" \t\t>\n\t\t<span>\n\t\t\t<span class=\"sow-icon-fontawesome sow-fas\" data-sow-icon=\"&#xf135;\"\n\t\tstyle=\"color: #ffffff\" \n\t\taria-hidden=\"true\"><\/span>\n\t\t\tAjoutez vos activit\u00e9s\t\t<\/span>\n\t<\/a>\n<\/div>\n<\/div><\/div><div id=\"panel-24-0-1-2\" class=\"so-panel widget widget_sow-button panel-last-child\" data-index=\"3\" ><div\n\t\t\t\n\t\t\tclass=\"so-widget-sow-button so-widget-sow-button-atom-e67b155a9665-24\"\n\t\t\t\n\t\t><div class=\"ow-button-base ow-button-align-center\">\n\t<a href=\"https:\/\/docs.google.com\/forms\/d\/e\/1FAIpQLSc87Zni9yC2McD9Ss4cFPotO6CRyN-Dgj6U-bUcrrI63dXLgQ\/viewform?usp=sf_link\" class=\"ow-icon-placement-left ow-button-hover\" \t\t>\n\t\t<span>\n\t\t\t<span class=\"sow-icon-fontawesome sow-far\" data-sow-icon=\"&#xf0eb;\"\n\t\tstyle=\"color: #ffffff\" \n\t\taria-hidden=\"true\"><\/span>\n\t\t\tContactez-moi\t\t<\/span>\n\t<\/a>\n<\/div>\n<\/div><\/div><\/div><\/div><div id=\"pg-24-1\"  class=\"panel-grid panel-no-style\" ><div id=\"pgc-24-1-0\"  class=\"panel-grid-cell\" ><div id=\"panel-24-1-0-0\" class=\"so-panel widget widget_sow-editor panel-first-child panel-last-child\" data-index=\"4\" ><div\n\t\t\t\n\t\t\tclass=\"so-widget-sow-editor so-widget-sow-editor-base\"\n\t\t\t\n\t\t>\n<div class=\"siteorigin-widget-tinymce textwidget\">\n\t<p><!-- Place this tag where you want the Awesome Table Widget to render --><\/p>\n<div data-type=\"AwesomeTableView\" data-viewid=\"-KYvL9qmrp86gYJWsd9s\"><\/div>\n<p><!-- Place this tag in your head or just before your close body tag. --><br \/>\n<script src=\"https:\/\/awesome-table.com\/AwesomeTableInclude.js\"><\/script><\/p>\n<\/div>\n<\/div><\/div><\/div><\/div><\/div><div class=\"sharedaddy sd-sharing-enabled\"><div class=\"robots-nocontent sd-block sd-social sd-social-icon-text sd-sharing\"><h3 class=\"sd-title\">Partager\u00a0:<\/h3><div class=\"sd-content\"><ul><li class=\"share-twitter\"><a rel=\"nofollow noopener noreferrer\" data-shared=\"sharing-twitter-24\" class=\"share-twitter sd-button share-icon\" href=\"https:\/\/lessuperheros.ca\/?page_id=24&amp;share=twitter\" target=\"_blank\" title=\"Cliquez pour partager sur Twitter\" ><span>Twitter<\/span><\/a><\/li><li class=\"share-facebook\"><a rel=\"nofollow noopener noreferrer\" data-shared=\"sharing-facebook-24\" class=\"share-facebook sd-button share-icon\" href=\"https:\/\/lessuperheros.ca\/?page_id=24&amp;share=facebook\" target=\"_blank\" title=\"Cliquez pour partager sur Facebook\" ><span>Facebook<\/span><\/a><\/li><li class=\"share-pinterest\"><a rel=\"nofollow noopener noreferrer\" data-shared=\"sharing-pinterest-24\" class=\"share-pinterest sd-button share-icon\" href=\"https:\/\/lessuperheros.ca\/?page_id=24&amp;share=pinterest\" target=\"_blank\" title=\"Cliquez pour partager sur Pinterest\" ><span>Pinterest<\/span><\/a><\/li><li class=\"share-email\"><a rel=\"nofollow noopener noreferrer\" data-shared=\"\" class=\"share-email sd-button share-icon\" href=\"mailto:?subject=%5BArticle%20partag%C3%A9%5D%20Banque%20de%20vid%C3%A9os&body=https%3A%2F%2Flessuperheros.ca%2F%3Fpage_id%3D24&share=email\" target=\"_blank\" title=\"Cliquer pour envoyer un lien par e-mail \u00e0 un ami\" data-email-share-error-title=\"Votre messagerie est-elle configur\u00e9e\u00a0?\" data-email-share-error-text=\"Si vous rencontrez des probl\u00e8mes de partage par e-mail, votre messagerie n\u2019est peut-\u00eatre pas configur\u00e9e pour votre navigateur. Vous devrez peut-\u00eatre cr\u00e9er vous-m\u00eame une nouvelle messagerie.\" data-email-share-nonce=\"0bbddb0d44\" data-email-share-track-url=\"https:\/\/lessuperheros.ca\/?page_id=24&amp;share=email\"><span>E-mail<\/span><\/a><\/li><li class=\"share-end\"><\/li><\/ul><\/div><\/div><\/div>","protected":false},"excerpt":{"rendered":"<p>Trouvez\u00a0la meilleure\u00a0vid\u00e9o pour vos\u00a0\u00e9l\u00e8ves en utilisant\u00a0les\u00a0filtres\u00a0par sujets, par niveau ou m\u00eame pour trouver les\u00a0vid\u00e9os avec des sous-titres. Acc\u00e9dez aux activit\u00e9s \u00e9ducatives en cliquant sur Plus d&rsquo;outils. Contribuez \u00e0 la banque\u00a0et faites partie des superh\u00e9ros. Soumettez vos\u00a0vid\u00e9os pr\u00e9f\u00e9r\u00e9s et vos\u00a0activit\u00e9s! Si vous avez de la difficult\u00e9 \u00e0 acc\u00e9der au formulaire\u00a0ou si vous n&rsquo;avez pas de compte [&hellip;]<\/p>\n<div class=\"sharedaddy sd-sharing-enabled\"><div class=\"robots-nocontent sd-block sd-social sd-social-icon-text sd-sharing\"><h3 class=\"sd-title\">Partager\u00a0:<\/h3><div class=\"sd-content\"><ul><li class=\"share-twitter\"><a rel=\"nofollow noopener noreferrer\" data-shared=\"sharing-twitter-24\" class=\"share-twitter sd-button share-icon\" href=\"https:\/\/lessuperheros.ca\/?page_id=24&amp;share=twitter\" target=\"_blank\" title=\"Cliquez pour partager sur Twitter\" ><span>Twitter<\/span><\/a><\/li><li class=\"share-facebook\"><a rel=\"nofollow noopener noreferrer\" data-shared=\"sharing-facebook-24\" class=\"share-facebook sd-button share-icon\" href=\"https:\/\/lessuperheros.ca\/?page_id=24&amp;share=facebook\" target=\"_blank\" title=\"Cliquez pour partager sur Facebook\" ><span>Facebook<\/span><\/a><\/li><li class=\"share-pinterest\"><a rel=\"nofollow noopener noreferrer\" data-shared=\"sharing-pinterest-24\" class=\"share-pinterest sd-button share-icon\" href=\"https:\/\/lessuperheros.ca\/?page_id=24&amp;share=pinterest\" target=\"_blank\" title=\"Cliquez pour partager sur Pinterest\" ><span>Pinterest<\/span><\/a><\/li><li class=\"share-email\"><a rel=\"nofollow noopener noreferrer\" data-shared=\"\" class=\"share-email sd-button share-icon\" href=\"mailto:?subject=%5BArticle%20partag%C3%A9%5D%20Banque%20de%20vid%C3%A9os&body=https%3A%2F%2Flessuperheros.ca%2F%3Fpage_id%3D24&share=email\" target=\"_blank\" title=\"Cliquer pour envoyer un lien par e-mail \u00e0 un ami\" data-email-share-error-title=\"Votre messagerie est-elle configur\u00e9e\u00a0?\" data-email-share-error-text=\"Si vous rencontrez des probl\u00e8mes de partage par e-mail, votre messagerie n\u2019est peut-\u00eatre pas configur\u00e9e pour votre navigateur. Vous devrez peut-\u00eatre cr\u00e9er vous-m\u00eame une nouvelle messagerie.\" data-email-share-nonce=\"0bbddb0d44\" data-email-share-track-url=\"https:\/\/lessuperheros.ca\/?page_id=24&amp;share=email\"><span>E-mail<\/span><\/a><\/li><li class=\"share-end\"><\/li><\/ul><\/div><\/div><\/div>","protected":false},"author":1,"featured_media":0,"parent":0,"menu_order":0,"comment_status":"closed","ping_status":"closed","template":"","meta":{"jetpack_post_was_ever_published":false},"jetpack_sharing_enabled":true,"_links":{"self":[{"href":"https:\/\/lessuperheros.ca\/index.php?rest_route=\/wp\/v2\/pages\/24"}],"collection":[{"href":"https:\/\/lessuperheros.ca\/index.php?rest_route=\/wp\/v2\/pages"}],"about":[{"href":"https:\/\/lessuperheros.ca\/index.php?rest_route=\/wp\/v2\/types\/page"}],"author":[{"embeddable":true,"href":"https:\/\/lessuperheros.ca\/index.php?rest_route=\/wp\/v2\/users\/1"}],"replies":[{"embeddable":true,"href":"https:\/\/lessuperheros.ca\/index.php?rest_route=%2Fwp%2Fv2%2Fcomments&post=24"}],"version-history":[{"count":30,"href":"https:\/\/lessuperheros.ca\/index.php?rest_route=\/wp\/v2\/pages\/24\/revisions"}],"predecessor-version":[{"id":67,"href":"https:\/\/lessuperheros.ca\/index.php?rest_route=\/wp\/v2\/pages\/24\/revisions\/67"}],"wp:attachment":[{"href":"https:\/\/lessuperheros.ca\/index.php?rest_route=%2Fwp%2Fv2%2Fmedia&parent=24"}],"curies":[{"name":"wp","href":"https:\/\/api.w.org\/{rel}","templated":true}]}}